 249. Let v = 1 - -1. Suppose v*k = 4*s - t - 54, -3*s + 37 = -4*k. What are the prime factors of s?
19
Let f(a) = 8*a**2 + 76*a - 122. List the prime factors of f(23).
2, 29, 101
Let q(o) = 183*o**2 + 29*o - 10. What are the prime factors of q(-5)?
2, 5, 13, 17
Let t be (6/9)/((-10)/(-45)). Let d be ((-40)/(-35))/4*-7. List the prime factors of t*24/18 + (-236)/d.
2, 61
Suppose -2*t + j = t - 17, -2*t + 3*j = -23. Suppose -535 = -t*d + 1717. What are the prime factors of d?
563
Let g(n) = 5*n**3 - 2*n**2 - 6*n - 4. Suppose -4*f + 6*f = 3*l - 69, -5*l + 165 = -5*f. Let r = f + 33. What are the prime factors of g(r)?
5, 19
Let b(n) = 24*n**2 - 5*n - 24. Let c be b(7). Let j = c + 22. What are the prime factors of j?
17, 67
Suppose -16 = 4*a, -12*a + 9*a - 2004 = -2*b. Suppose b = 3*d - w, -4*d + 2*w - 3*w = -1335. List the prime factors of d.
3, 37
Suppose 6*c + 8320 = 42442. What are the prime factors of c?
11, 47
Let b = -101 + 69. Let i = 99 + -51. Let d = i + b. List the prime factors of d.
2
Let t(f) = f**2 - 12*f + 39. Let o be t(6). What are the prime factors of 2 + o + 327 + -1?
331
Let g be (-4)/(-3) + 40/(-30). List the prime factors of 8037/(-18)*-2 + g.
19, 47
Suppose 0*c - 4 = c - 5*d, 0 = -5*c - 3*d + 36. Let u(v) = -2 - 2 + 9*v + c*v - 12. What are the prime factors of u(9)?
7, 17
Let h be 4 - ((-12)/30)/((-2)/685). Let v = -85 - h. List the prime factors of v.
2, 3
Suppose -24*t + 58 = 5*t. Suppose 0 = -6*k + k - t*z + 2782, k - 5*z - 551 = 0. List the prime factors of k.
2, 139
Let x(n) = 125 + 41*n - n**2 - n - 84. List the prime factors of x(23).
2, 3
Suppose 4*j = 5*o + j - 14159, -8475 = -3*o - 5*j. Let b = o - 1925. List the prime factors of b.
5, 181
Suppose -4*i - 2*x - 119 = -14405, -4*i + 14290 = -2*x. Suppose -2*k - 4*a - a + 3566 = 0, 2*a - i = -2*k. List the prime factors of k.
2, 3, 149
Let n(c) = 13082*c + 432. List the prime factors of n(1).
2, 29, 233
Let o(c) = -9*c - 18. Let a be (11/(-1) - -2)*1. Let d be 88/(-5) + a/(-15) + -1. What are the prime factors of o(d)?
2, 3
Let q(h) = -h**2 + 10*h + 9. Let b be q(10). Suppose b = -m + 4*m. Suppose -2*n + 25 = -m*i + 70, -4*n = 3*i - 63. List the prime factors of i.
17
Let h(x) = -x**3 + 90*x**2 - 200*x - 1546. What are the prime factors of h(86)?
2, 5419
Suppose -9*s + 16*s = 427. Suppose -56*f + s*f = 15. Suppose -f*x - 387 = -4*u, -2*u - x = -3*u + 96. What are the prime factors of u?
3, 11
Let b be (360 + 2)/((4/1)/2). Let w = 99 - b. Let p = 169 + w. List the prime factors of p.
3, 29
Let f = -11311 + 25092. List the prime factors of f.
13781
Suppose 0 = -10*k + 2*k + 17752. What are the prime factors of k?
7, 317
Let l be 283/(-10)*-2 + 20/50. Let t = 55 - l. Let z = t + 29. What are the prime factors of z?
3
Let s = 9769 + -9226. List the prime factors of s.
3, 181
Suppose -2*f + 4*q = -12, -2*f = -9*q + 7*q - 8. Suppose -12*t = f*t - 14070. List the prime factors of t.
3, 5, 67
Let q(j) = 23*j - 61 - 16*j - 51 - 71 - 49*j. What are the prime factors of q(-26)?
3, 101
List the prime factors of -14*(5 + -2)/3*(-455 - 38).
2, 7, 17, 29
Suppose 5*c - 7*c = -36. Let z be (-68)/18 - 4/c. What are the prime factors of z/3 + (-183)/(-9)?
19
List the prime factors of -2*52*(-10800)/96.
2, 3, 5, 13
Suppose 5 = 4*s + 2*x - 109, 2*x - 33 = -s. Suppose 7 = -4*z + s. Suppose 541 = z*q + 11. List the prime factors of q.
2, 53
Let z be 550/20 + (-1)/(6/9). Suppose -z*k + 5*k = -10521. What are the prime factors of k?
3, 167
Let o be (-4)/2 - (-657)/9. Suppose o = x - 0*x - 4*i, 0 = -3*x - 2*i + 185. List the prime factors of x.
3, 7
Let f(m) = -253*m + 4. Let v be f(-2). Suppose 10*g = 7*g + v. Let r = -90 + g. What are the prime factors of r?
2, 5
Let q(d) = 4*d**2 - 7*d + 6. Let v(i) = 3*i**2 - 8*i + 7. Let r(p) = 5*p - 31. Let g be r(7). Let b(c) = g*q(c) - 3*v(c). List the prime factors of b(4).
3, 11
Suppose 15 = 95*l - 98*l. What are the prime factors of -14 + 12 - l/(15/252)?
2, 41
Let n = -157 - -693. Suppose -12*u = -10*u - n. What are the prime factors of u?
2, 67
Let i(p) = 14*p**2 + 11*p + 18. Let w = -197 + 190. List the prime factors of i(w).
3, 11, 19
List the prime factors of ((-2064)/602)/(-3*(-2)/(-43722)).
2, 3, 347
Let q(d) = 155*d - 209. What are the prime factors of q(6)?
7, 103
Let w(v) = v - 75. Let t be w(0). Let s be t/(-30)*(2 + 0). Suppose -2*d = 5*q + d - 32, -s = 5*d. List the prime factors of q.
7
List the prime factors of 6*9/(-126) - (-3)/((-84)/(-756740)).
2, 13513
Let l = 899 + -884. Let n(x) = x**3 + x + 1. Let u(t) = 5*t**3 - 15*t**2 - 2*t - 2. Let y(d) = 4*n(d) - u(d). What are the prime factors of y(l)?
2, 3
Suppose 11*w = 9*w - 1516. Let v = -376 - w. What are the prime factors of v?
2, 191
Let s(w) = 12*w - 50. Suppose -o - 5*b = 248, -o + 2*b - 254 = 4*b. Let d be (-39)/91 + o/(-14). List the prime factors of s(d).
2, 83
Suppose -20*k = -19*k + i - 10598, -k + 10604 = 2*i. What are the prime factors of k?
2, 331
Let q = -1918 - -8567. What are the prime factors of q?
61, 109
Suppose -35 = -5*i - 3*b, -22 = 4*i - 7*i - 2*b. Let o be 32385/60 - (-1)/i. Suppose 0*w - o = -5*w. What are the prime factors of w?
2, 3
Let m(v) = 61*v + 282. Let h be m(-4). Let l be (-1 - 24 - 1) + 0. Let o = h + l. What are the prime factors of o?
2, 3
Let r = 54 - 50. Let v = -14 + r. Let y(w) = -2*w**2 - 23*w + 18. What are the prime factors of y(v)?
2, 3
Suppose 6263 = 4*x + 3*w + 1376, -x - 5*w = -1226. Let b = x - 727. What are the prime factors of b?
2, 13, 19
Suppose -5*m = -3*l + 27, -l = -5*l + m + 19. Suppose -5*h = l*n - 599, -5*h = -5*n - 0*h + 715. What are the prime factors of n?
2, 73
Let i(o) = 5*o**2 + 22*o + 8. Let w = 117 + -124. List the prime factors of i(w).
3, 11
Let f(k) = -103*k - 24. Let r be f(-12). Let b = -682 + r. Suppose -3*z + 5*y + b = 176, -3*y + 9 = 0. List the prime factors of z.
3, 41
Suppose -8*w + 129 = 41. Suppose 4365 - 823 = w*o. What are the prime factors of o?
2, 7, 23
Suppose -7*x + 2*x + 2*a + 1159 = 0, -4*x - a = -922. Let d = x + 92. What are the prime factors of d?
17, 19
Let a = -52 - -44. Let n be 5 + (-1)/((-4)/a). Suppose 288 = 7*w - n*w. What are the prime factors of w?
2, 3
Let i = -1718 - -3548. Let t = i - 838. List the prime factors of t.
2, 31
List the prime factors of (13458 - 2) + 99/264 + 3/(-8).
2, 29
Suppose -30586 = -4*i - 5*q, -9*i + 10*i + 5*q - 7654 = 0. Suppose -9*l - i = -22*l. List the prime factors of l.
2, 3, 7
Let j = -350 - 161. Let g = j + 642. What are the prime factors of g?
131
List the prime factors of -155924*(((-11)/8)/(25/150) + 8).
17, 2293
Let j = -41048 - -71542. What are the prime factors of j?
2, 79, 193
Suppose -8*v + 6*v + 10 = 0. Let z(u) = -u**3 + 7*u**2 - 7*u + 1. Let o be z(v). Suppose o - 280 = -2*i. What are the prime factors of i?
2, 3, 11
List the prime factors of (((-72)/(-6))/3 - 2) + 321568/8.
2, 101, 199
Let o = 394 + 6428. Suppose o = 3*y + 15*y. What are the prime factors of y?
379
Suppose -43610 = -12*m - 15655 + 51293. What are the prime factors of m?
2, 13, 127
List the prime factors of 2359 + (6 - (-172)/(-24))/((-2)/(-12)).
2, 3, 7
List the prime factors of ((-1437956)/39)/(-4) - (40/6 + -5).
2, 3
Suppose -4*l = -4*r + 52, -3*l + 17 = r - 0*r. Suppose 3*v = 7 + r. Suppose -3*p - 3*c + v*c = -147, -183 = -4*p + c. List the prime factors of p.
3, 5
Suppose -z + 3*j - 1 = 0, -3*z - z + j = -7. Suppose -7*k + z*k + 3*i = -1943, 0 = -4*k - i + 1568. List the prime factors of k.
17, 23
Suppose 57*t - 33*t = -46*t + 310660. What are the prime factors of t?
2, 7, 317
Let f(p) = -645*p + 47 + 43 - 131 + 40. What are the prime factors of f(-1)?
2, 7, 23
Let i(q) = 3*q + 51. Let x be i(-16). Suppose -x*m + d + 1009 = 5*d, -3*m + 1014 = 3*d. What are the prime factors of m?
7
Let m(t) = 6*t**2 + 12*t - 3. Let u be m(-4). Let q be 1/(u/42 - 1). Suppose -17*k + 453 = -q*k. List the prime factors of k.
151
Suppose 0 = -q + g + 5597, -5*q + 162*g = 158*g - 27982. What are the prime factors of q?
2, 2797
Let o(s) = 623*s + 28. Let z be o(3). Let b = z + -1095. List the prime factors of b.
2, 401
Suppose 3*y = -q + 1, -3*q + 0*q + 2*y = 30. Let p(x) = x**2 - 12*x + 24. What are the prime factors of p(q)?
2, 23
Let n = 118 + -80. What are the prime factors of n/